297 is divided by 17.
12
Calculate the remainder when 65 is divided by 19.
8
Calculate the remainder when 38 is divided by 17.
4
Calculate the remainder when 849 is divided by 10.
9
Calculate the remainder when 8358 is divided by 9.
6
Calculate the remainder when 3 is divided by 3.
0
Calculate the remainder when 9052 is divided by 32.
28
Calculate the remainder when 1522 is divided by 304.
2
What is the remainder when 2776 is divided by 10?
6
What is the remainder when 292 is divided by 49?
47
Calculate the remainder when 278 is divided by 99.
80
Calculate the remainder when 445 is divided by 143.
16
What is the remainder when 576 is divided by 46?
24
Calculate the remainder when 383 is divided by 94.
7
What is the remainder when 166 is divided by 47?
25
Calculate the remainder when 60 is divided by 18.
6
Calculate the remainder when 1593 is divided by 14.
11
What is the remainder when 125 is divided by 6?
5
What is the remainder when 75008 is divided by 65?
63
What is the remainder when 102 is divided by 18?
12
Calculate the remainder when 3184 is divided by 28.
20
Calculate the remainder when 6550 is divided by 14.
12
What is the remainder when 3078 is divided by 20?
18
What is the remainder when 95 is divided by 5?
0
What is the remainder when 83 is divided by 42?
41
Calculate the remainder when 519 is divided by 76.
63
What is the remainder when 253 is divided by 198?
55
Calculate the remainder when 37 is divided by 13.
11
Calculate the remainder when 1063 is divided by 19.
18
What is the remainder when 253 is divided by 52?
45
Calculate the remainder when 129 is divided by 69.
60
Calculate the remainder when 508 is divided by 51.
49
Calculate the remainder when 12634 is divided by 13.
11
Calculate the remainder when 66 is divided by 40.
26
What is the remainder when 1580 is divided by 16?
12
What is the remainder when 817 is divided by 20?
17
Calculate the remainder when 18572 is divided by 37.
35
Calculate the remainder when 1246 is divided by 8.
6
Calculate the remainder when 157 is divided by 53.
51
What is the remainder when 1249 is divided by 120?
49
What is the remainder when 2255 is divided by 444?
35
Calculate the remainder when 965 is divided by 21.
20
What is the remainder when 31023 is divided by 8?
7
What is the remainder when 14628 is divided by 27?
21
Calculate the remainder when 1282 is divided by 92.
86
Calculate the remainder when 1011 is divided by 26.
23
Calculate the remainder when 321 is divided by 46.
45
What is the remainder when 612 is divided by 30?
12
Calculate the remainder when 699 is divided by 35.
34
What is the remainder when 411 is divided by 384?
27
What is the remainder when 2516 is divided by 1247?
22
What is the remainder when 307 is divided by 102?
1
Calculate the remainder when 81 is divided by 41.
40
Calculate the remainder when 213 is divided by 107.
106
Calculate the remainder when 64 is divided by 23.
18
Calculate the remainder when 187 is divided by 39.
31
What is the remainder when 636 is divided by 65?
51
Calculate the remainder when 311 is divided by 169.
142
What is the remainder when 128 is divided by 36?
20
Calculate the remainder when 120 is divided by 38.
6
What is the remainder when 645 is divided by 126?
15
What is the remainder when 18701 is divided by 317?
315
What is the remainder when 90 is divided by 82?
8
What is the remainder when 851 is divided by 27?
14
What is the remainder when 165 is divided by 18?
3
What is the remainder when 799 is divided by 106?
57
Calculate the remainder when 47 is divided by 13.
8
Calculate the remainder when 34 is divided by 21.
13
What is the remainder when 579 is divided by 116?
115
Calculate the remainder when 440 is divided by 79.
45
What is the remainder when 142 is divided by 69?
4
What is the remainder when 1143 is divided by 9?
0
Calculate the remainder when 8275 is divided by 180.
175
What is the remainder when 185 is divided by 58?
11
Calculate the remainder when 51 is divided by 23.
5
Calculate the remainder when 322 is divided by 77.
14
What is the remainder when 134 is divided by 14?
8
What is the remainder when 138 is divided by 9?
3
Calculate the remainder when 750 is divided by 13.
9
Calculate the remainder when 88 is divided by 46.
42
Calculate the remainder when 1064 is divided by 153.
146
What is the remainder when 21 is divided by 10?
1
What is the remainder when 110 is divided by 29?
23
What is the remainder when 216 is divided by 189?
27
Calculate the remainder when 7235 is divided by 7.
4
What is the remainder when 259 is divided by 20?
19
Calculate the remainder when 854 is divided by 217.
203
Calculate the remainder when 832 is divided by 38.
34
Calculate the remainder when 61 is divided by 60.
1
What is the remainder when 318 is divided by 77?
10
What is the remainder when 141 is divided by 32?
13
Calculate the remainder when 3742 is divided by 54.
16
What is the remainder when 220 is divided by 21?
10
Calculate the remainder when 330 is divided by 179.
151
Calculate the remainder when 320 is divided by 156.
8
Calculate the remainder when 9023 is divided by 95.
93
What is the remainder when 545 is divided by 82?
53
What is the remainder when 39 is divided by 25?
14
What is the remainder when 219 is divided by 44?
43
What is the remainder when 1310 is divided by 65?
10
What is the remainder when 2167 is divided by 9?
7
Calculate the remainder when 155 is divided by 38.
3
What is the remainder when 416 is divided by 28?
24
What is the remainder when 100 is divided by 54?
46
Calculate the remainder when 1852 is divided by 912.
28
Calculate the remainder when 73 is divided by 27.
19
Calculate the remainder when 524 is divided by 31.
28
What is the remainder when 489 is divided by 41?
38
Calculate the remainder when 596 is divided by 185.
41
What is the remainder when 1155 is divided by 228?
15
Calculate the remainder when 129 is divided by 39.
12
Calculate the remainder when 2054 is divided by 17.
14
Calculate the remainder when 1298 is divided by 10.
8
What is the remainder when 115 is divided by 61?
54
Calculate the remainder when 17441 is divided by 28.
25
What is the remainder when 54 is divided by 4?
2
Calculate the remainder when 207 is divided by 10.
7
What is the remainder when 2459 is divided by 22?
17
Calculate the remainder when 1350 is divided by 11.
8
Calculate the remainder when 128 is divided by 26.
24
Calculate the remainder when 632 is divided by 483.
149
What is the remainder when 438 is divided by 21?
18
Calculate the remainder when 133 is divided by 96.
37
Calculate the remainder when 122 is divided by 67.
55
Calculate the remainder when 352 is divided by 118.
116
Calculate the remainder when 271 is divided by 21.
19
What is the remainder when 1344 is divided by 33?
24
Calculate the remainder when 516 is divided by 83.
18
What is the remainder when 7132 is divided by 183?
178
Calculate the remainder when 26 is divided by 15.
11
What is the remainder when 257 is divided by 66?
59
What is the remainder when 3213 is divided by 5?
3
Calculate the remainder when 311 is divided by 78.
77
What is the remainder when 7995 is divided by 31?
28
Calculate the remainder when 23311 is divided by 19.
17
Calculate the remainder when 467 is divided by 61.
40
Calculate the remainder when 412 is divided by 131.
19
Calculate the remainder when 1213 is divided by 19.
16
What is the remainder when 222 is divided by 25?
22
What is the remainder when 130 is divided by 23?
15
Calculate the remainder when 21774 is divided by 16.
14
Calculate the remainder when 1078 is divided by 18.
16
What is the remainder when 1288 is divided by 43?
41
What is the remainder when 198 is divided by 18?
0
Calculate the remainder when 177 is divided by 139.
38
What is the remainder when 13846 is divided by 11?
8
What is the remainder when 58 is divided by 29?
0
What is the remainder when 3386 is divided by 28?
26
What is the remainder when 915 is divided by 51?
48
What is the remainder when 63 is divided by 47?
16
Calculate the remainder when 236 is divided by 14.
12
Calculate the remainder when 1511 is divided by 389.
344
Calculate the remainder when 587 is divided by 46.
35
Calculate the remainder when 4484 is divided by 9.
2
Calculate the remaind